 25*w + w - r. What is the remainder when b(-8) is divided by 12?
11
Suppose 0 = -4*y + 317 - 113. Suppose 7*l = 4*l + y. What is the remainder when 235 is divided by l?
14
Suppose 57023 = -73*p + 145426. What is the remainder when p is divided by 399?
14
Let u(i) be the third derivative of i**6/120 - i**5/10 + 5*i**4/12 + 7*i**3/6 - 47*i**2. Calculate the remainder when u(6) is divided by 10.
7
Suppose 0 = 2*k + 3*v - 39, k + 2*v = -2*v + 22. Let n be 6/4 - (-4524)/(-104). What is the remainder when 892/14 - (180/n + 4) is divided by k?
10
Suppose -1099*b - 3*v = -1104*b + 174, -v = -2. What is the remainder when 1762 is divided by b?
34
Let s = 65 + -48. Suppose 12*q - s*q = 205. Let t = -31 - q. Calculate the remainder when 13 is divided by t.
3
Let f = 307 + -269. Suppose 18*q = 19*q + 4*v - f, 5*q - 80 = 2*v. What is the remainder when 321 is divided by q?
15
Let s = -1099 - -1151. What is the remainder when s is divided by 41?
11
Let v(y) = -y**3 + 15*y**2 + 189*y - 65. What is the remainder when v(22) is divided by 9?
3
Suppose -s = -5*s + 280. Let v = -108 + s. Let h = v + 55. What is the remainder when h is divided by 4?
1
Let j = -450 + 452. Let v be (0 - 0)/(-5 + 3). Suppose -6 = -v*a + j*a, -2*f + 71 = -a. Calculate the remainder when f is divided by 20.
14
Let h(d) = d**2 + 8*d + 10. Suppose -9 = 18*k - 81. What is the remainder when h(k) is divided by 10?
8
What is the remainder when 5/2*1603904/1520 is divided by 91?
90
What is the remainder when 699 is divided by -78*(-1)/((-16)/(-24))?
114
Suppose 4*h = l - 19, -l + 15 = -2*h - h. Calculate the remainder when 12 - (2 + l)/(-6 - -7) is divided by 2.
1
Let w(v) = -v**3 + 5*v**2 + 6*v + 2. Suppose 19*t = 27*t - 32. Suppose -p - t*p = -30. Calculate the remainder when 8 is divided by w(p).
0
Let w(b) = -b**2 + 5*b + 13. Let s be w(-3). Calculate the remainder when 32 is divided by (1 - 7) + 4 - s.
5
Calculate the remainder when (-1677)/(-65) + -26 - (-14151)/5 is divided by 404.
2
Let x(q) = 2*q**2 - 39*q - 183. Calculate the remainder when 5014 is divided by x(24).
31
Let n(g) = -2*g - 8. Let a(w) = -4*w - 20. Let f(q) = 5*a(q) - 12*n(q). Let d = -21 + 32. What is the remainder when f(d) is divided by 7?
5
Suppose 26*c + 3773 = 33*c. Suppose -7*i + c = -420. What is the remainder when i is divided by 35?
32
Let s(g) = 7 + 196*g**3 - 2*g + 60 - 67*g**2 - 194*g**3 + 11*g**2. Calculate the remainder when s(28) is divided by ((-8)/(-3))/((-3)/(-9)).
3
Let t = 9070 + -7681. What is the remainder when t is divided by 99?
3
Let d(k) = 3*k - 12. Let y(z) = 1 + 2 + z**2 + 33*z - 12 - 3*z. Calculate the remainder when y(-32) is divided by d(8).
7
Suppose 3*s + 3*t - 10 = 11, -2*s + 2*t = -22. Let z(l) = -15*l + 144. What is the remainder when 2/(-9) - (-384)/27 is divided by z(s)?
5
Suppose 2*g = 5*f - 11 + 16, 5*g - 2*f - 65 = 0. What is the remainder when 393 is divided by g?
3
Let w = -20 - -282. Suppose -w = -5*l - 157. What is the remainder when l is divided by 8?
5
Suppose -12*q + 2425 = 906 - 1061. What is the remainder when q is divided by 22?
17
Let m(o) be the first derivative of o**3/3 + 5*o**2 + 8*o + 4. Let s be m(-9). What is the remainder when ((-45)/75)/(s/85) is divided by 18?
15
Let f(t) = 73 - 153 + t**2 + 78 - 2*t - 4*t**3. What is the remainder when 6 is divided by f(-1)?
1
Calculate the remainder when 275 is divided by 8/(-30) - 486287/(-3945).
29
Let q be -10*(62/(-108) + 2/27). Suppose q*a - 70 = 15. Calculate the remainder when 165 is divided by a.
12
Let l(a) = -a**3 - 21*a**2 + 82*a + 332. What is the remainder when 332 is divided by l(-24)?
56
Let c = 693 + 751. What is the remainder when c is divided by 17?
16
What is the remainder when 8349 is divided by (-208 - -196)*15/(-12)?
9
Let z(k) = k**2 - k + 11. Let r be z(-3). Let f = r + -20. Suppose 2 = -f*y + 53. What is the remainder when 32 is divided by y?
15
Let g(j) = 5*j - 1. Let b be 4/(-8) + (-114)/(-12). What is the remainder when 83 is divided by g(b)?
39
Suppose -17 = -3*p + 1. Suppose -p*a = 5*k - 3*a - 143, -k + 3*a + 25 = 0. Suppose 34*s - 9*s = -13*s + 2090. Calculate the remainder when s is divided by k.
27
Let z = -8 - -41. Let w(l) = -l**3 + l**2 + 2*l - 5. Let g be w(-3). Suppose x = g*x - 408. What is the remainder when z is divided by x?
16
Let v = -15472 - -15575. What is the remainder when v is divided by (-470)/(-9) + 22/(-99)?
51
Let v = -40 - -36. What is the remainder when 37 + (-3 - -7) + v is divided by 20?
17
Let s(w) = 22*w**2 + 419*w + 30. Calculate the remainder when 1764 is divided by s(-19).
4
Suppose -5*b = 2*w - 352, 663*w + 92 = b + 658*w. What is the remainder when 123 is divided by b?
51
Suppose 8*k + 7 = -73. Let m(f) = 2*f**2 - 2*f + 3. Calculate the remainder when m(-3) is divided by (-6)/k - 370/(-50).
3
Let y = 1724 - 1730. Let g(d) = 4*d**3 - 5*d**3 - 5*d**2 + 11 + 13 + 6*d. Calculate the remainder when 94 is divided by g(y).
22
Let a be 1452/11 + -11 + 0 + -1. Let b = 125 - a. Calculate the remainder when b is divided by 3.
2
Suppose 19*k + 448 = 1721. What is the remainder when k is divided by (12/5)/((-8)/(-20))?
1
Calculate the remainder when (-3 - (-126)/56)/((-30)/(-16))*-400 is divided by 107.
53
Suppose 15 = 5*m + 195. Let p(l) = 2*l + 26. What is the remainder when (6/4)/(m/(-3408)) is divided by p(11)?
46
Let h(o) = o - 8. Let r = -113 - -124. What is the remainder when r is divided by h(14)?
5
Suppose 3*c = 8 + 7. Suppose -474 = -4*j - 2*j. Let h = j + -77. Calculate the remainder when c is divided by h.
1
Let t = -1114 - -483. Let d = t + 725. Calculate the remainder when 267 is divided by d.
79
Let x = -144 + 235. Suppose 7*m - 30 = -8*m. Suppose -m*f - 5*g + 49 = 0, -4*g = -6*f + 9*f - x. What is the remainder when f is divided by 20?
17
Suppose 5*v = -4*i + 131 + 466, 4*v = -3*i + 476. Calculate the remainder when 190 is divided by v.
77
Suppose 2*m + 3*z = -4, -2*m - 5*z - 6 = -z. Suppose u - m - 32 = 0. What is the remainder when u is divided by 2/12 + ((-287)/(-6))/7?
5
Suppose -125 = -13*q + 8*q + 5*v, -2*q = -3*v - 46. Let f be (-4)/(1 - 3) - 6. Let j = 12 + f. Calculate the remainder when q is divided by j.
5
Let d(q) = -q**3 + 2*q**2 + 9. Let a be d(3). Suppose 205 = 5*o - a*o. What is the remainder when 202 is divided by o?
38
Suppose 2*l - 40 = 6*l. Let m = 26 - l. Calculate the remainder when m is divided by 19.
17
Let z(r) = 2*r**2 + 129*r - 298. What is the remainder when 405 is divided by z(-67)?
35
Let a(s) = 3*s**2 - 3*s. Let q be (3 - (-15)/(-6))*-18. What is the remainder when a(q) is divided by 21?
18
Suppose 0 = 5*w - 2*c - 6, 4 = w + c - 0. Suppose 2*b + 4 = 0, 0*r + w*r - 306 = 3*b. Calculate the remainder when r is divided by 51.
48
Let u = -133 + 136. Suppose -5*s - 172 = -6*a + u*a, -s = -4. Suppose 3*y = 45 + 54. What is the remainder when a is divided by y?
31
Let q(c) = c + 2. Let r(d) = 2*d**3 + 2*d. Let z(i) = -5*q(i) - r(i). Calculate the remainder when 179 is divided by z(-2).
19
Suppose -8 = -2*z - 2*z. Suppose -2*j - 6 = 0, -2*f + 6*f + z*j = 2. Calculate the remainder when (f/8)/((-17)/(-2924)) is divided by 11.
10
Let p be (3 - 2) + 48/(-3). Suppose 0 = 588*c - 594*c + 90. Calculate the remainder when (-478)/(-8) + p/20 is divided by c.
14
Let s be (14 + 0/(-4))*(-50)/(-35). Let v be 56/s*(1 - -189). Let z = v - 347. Calculate the remainder when z is divided by 11.
9
Suppose -4*r - 27*k + 38*k = -351, -2*r + 4*k + 180 = 0. Calculate the remainder when 2695 is divided by r.
7
Calculate the remainder when 8 - (47 + -17) - -4108 is divided by 454.
0
Suppose 0 = 2*a - 223 + 51. Let p(x) = -4*x - 30. What is the remainder when a is divided by p(-12)?
14
Let u = -2720 - -3096. What is the remainder when u is divided by 355?
21
Suppose -319*s = -327*s + 672. What is the remainder when s is divided by 19?
8
Calculate the remainder when (4/20)/(((-6)/3495)/(-2)) is divided by 16.
9
Let a be (-84)/224 + 282/(-16). Let d(p) = -p**2 - 17*p + 48. Calculate the remainder when d(a) is divided by 18.
12
Let t = -21748 + 21860. What is the remainder when t is divided by 18?
4
Let x(b) = 26*b**3 + b**2 - 16*b + 4. Let l be x(4). Suppose 0 = 14*a - 44*a + l. Calculate the remainder when 321 is divided by a.
51
What is the remainder 